ided by 7.
3
What is the remainder when 381 is divided by 128?
125
Calculate the remainder when 30 is divided by 8.
6
Calculate the remainder when 5732 is divided by 13.
12
What is the remainder when 367 is divided by 93?
88
What is the remainder when 653 is divided by 160?
13
What is the remainder when 185 is divided by 19?
14
What is the remainder when 429 is divided by 26?
13
What is the remainder when 70 is divided by 21?
7
What is the remainder when 57 is divided by 31?
26
Calculate the remainder when 192 is divided by 69.
54
What is the remainder when 562 is divided by 42?
16
What is the remainder when 14 is divided by 2?
0
What is the remainder when 741 is divided by 49?
6
Calculate the remainder when 812 is divided by 35.
7
Calculate the remainder when 637 is divided by 260.
117
What is the remainder when 2104 is divided by 25?
4
Calculate the remainder when 485 is divided by 54.
53
What is the remainder when 106 is divided by 24?
10
What is the remainder when 916 is divided by 14?
6
Calculate the remainder when 6327 is divided by 10.
7
Calculate the remainder when 220 is divided by 14.
10
What is the remainder when 8262 is divided by 39?
33
Calculate the remainder when 1095 is divided by 158.
147
What is the remainder when 845 is divided by 107?
96
What is the remainder when 212 is divided by 54?
50
Calculate the remainder when 163 is divided by 58.
47
Calculate the remainder when 17058 is divided by 20.
18
What is the remainder when 276 is divided by 112?
52
Calculate the remainder when 823 is divided by 15.
13
Calculate the remainder when 28 is divided by 18.
10
Calculate the remainder when 964 is divided by 474.
16
What is the remainder when 159 is divided by 15?
9
What is the remainder when 771 is divided by 244?
39
What is the remainder when 4210 is divided by 36?
34
Calculate the remainder when 10293 is divided by 234.
231
What is the remainder when 374 is divided by 81?
50
Calculate the remainder when 6042 is divided by 48.
42
What is the remainder when 1217 is divided by 87?
86
What is the remainder when 977 is divided by 79?
29
Calculate the remainder when 202 is divided by 79.
44
Calculate the remainder when 73 is divided by 6.
1
Calculate the remainder when 1425 is divided by 31.
30
What is the remainder when 242 is divided by 100?
42
What is the remainder when 3593 is divided by 327?
323
What is the remainder when 106 is divided by 19?
11
What is the remainder when 239 is divided by 41?
34
Calculate the remainder when 98 is divided by 6.
2
What is the remainder when 3709 is divided by 70?
69
Calculate the remainder when 283 is divided by 59.
47
What is the remainder when 106 is divided by 26?
2
What is the remainder when 245 is divided by 11?
3
What is the remainder when 2784 is divided by 82?
78
What is the remainder when 35 is divided by 9?
8
What is the remainder when 150 is divided by 77?
73
Calculate the remainder when 47 is divided by 18.
11
What is the remainder when 5288 is divided by 23?
21
Calculate the remainder when 102 is divided by 13.
11
What is the remainder when 167 is divided by 31?
12
Calculate the remainder when 20850 is divided by 29.
28
Calculate the remainder when 131 is divided by 90.
41
Calculate the remainder when 1075 is divided by 399.
277
Calculate the remainder when 3134 is divided by 157.
151
Calculate the remainder when 5810 is divided by 171.
167
Calculate the remainder when 735 is divided by 8.
7
What is the remainder when 244 is divided by 16?
4
What is the remainder when 769 is divided by 80?
49
Calculate the remainder when 175 is divided by 61.
53
Calculate the remainder when 8163 is divided by 23.
21
Calculate the remainder when 53 is divided by 38.
15
Calculate the remainder when 1675 is divided by 23.
19
Calculate the remainder when 3852 is divided by 93.
39
Calculate the remainder when 41277 is divided by 7.
5
Calculate the remainder when 951 is divided by 21.
6
Calculate the remainder when 302 is divided by 17.
13
What is the remainder when 2124 is divided by 16?
12
What is the remainder when 302 is divided by 38?
36
What is the remainder when 11563 is divided by 26?
19
What is the remainder when 94 is divided by 25?
19
Calculate the remainder when 6657 is divided by 18.
15
Calculate the remainder when 2255 is divided by 98.
1
Calculate the remainder when 196 is divided by 40.
36
What is the remainder when 236 is divided by 30?
26
Calculate the remainder when 101 is divided by 23.
9
What is the remainder when 483 is divided by 162?
159
What is the remainder when 250 is divided by 47?
15
Calculate the remainder when 1270 is divided by 13.
9
Calculate the remainder when 208 is divided by 31.
22
Calculate the remainder when 343 is divided by 15.
13
What is the remainder when 378 is divided by 10?
8
Calculate the remainder when 710 is divided by 16.
6
What is the remainder when 231 is divided by 74?
9
What is the remainder when 3283 is divided by 31?
28
Calculate the remainder when 44 is divided by 17.
10
What is the remainder when 1261 is divided by 79?
76
What is the remainder when 7537 is divided by 145?
142
What is the remainder when 3147 is divided by 45?
42
What is the remainder when 125 is divided by 52?
21
What is the remainder when 1068 is divided by 381?
306
What is the remainder when 243 is divided by 57?
15
Calculate the remainder when 549 is divided by 66.
21
Calculate the remainder when 174 is divided by 63.
48
Calculate the remainder when 66 is divided by 17.
15
What is the remainder when 445 is divided by 106?
21
What is the remainder when 259 is divided by 69?
52
Calculate the remainder when 54 is divided by 41.
13
Calculate the remainder when 283 is divided by 34.
11
What is the remainder when 114 is divided by 36?
6
Calculate the remainder when 22 is divided by 13.
9
Calculate the remainder when 50 is divided by 19.
12
What is the remainder when 54147 is divided by 19?
16
What is the remainder when 475 is divided by 104?
59
What is the remainder when 33 is divided by 18?
15
Calculate the remainder when 369 is divided by 24.
9
What is the remainder when 399 is divided by 199?
1
Calculate the remainder when 37 is divided by 3.
1
Calculate the remainder when 1579 is divided by 44.
39
What is the remainder when 227 is divided by 96?
35
Calculate the remainder when 235 is divided by 40.
35
What is the remainder when 1287 is divided by 642?
3
What is the remainder when 53839 is divided by 393?
391
What is the remainder when 163 is divided by 33?
31
Calculate the remainder when 1521 is divided by 371.
37
What is the remainder when 637 is divided by 40?
37
Calculate the remainder when 7994 is divided by 80.
74
What is the remainder when 522 is divided by 74?
4
What is the remainder when 479 is divided by 13?
11
Calculate the remainder when 328 is divided by 15.
13
Calculate the remainder when 17067 is divided by 169.
167
What is the remainder when 33957 is divided by 60?
57
What is the remainder when 194 is divided by 49?
47
Calculate the remainder when 60 is divided by 27.
6
Calculate the remainder when 2726 is divided by 66.
20
What is the remainder when 1070 is divided by 209?
25
What is the remainder when 844 is divided by 41?
24
Calculate the remainder when 766 is divided by 27.
10
Calculate the remainder when 7057 is divided by 46.
19
What is the remainder when 340 is divided by 321?
19
What is the remainder when 788 is divided by 108?
32
What is the remainder when 742 is divided by 11?
5
Calculate the remainder when 1530 is divided by 62.
42
What is the remainder when 118 is divided by 42?
34
What is the remainder when 113 is divided by 23?
21
What is the remainder when 540 is divided by 267?
6
What is the remainder when 815 is divided by 140?
115
What is the remainder when 3293 is divided by 470?
3
What is the remainder when 229 is divided by 36?
13
Calculate the remainder when 1729 is divided by 193.
185
What is the remainder when 45 is divided by 1?
0
What is the remainder when 1465 is divided by 32?
25
What is the remainder when 250 is divided by 239?
11
Calculate the remainder when 236 is divided by 13.
2
Calculate the remainder when 274 is divided by 6.
4
Calculate the remainder when 803 is divided by 203.
194
What is the remainder when 1775 is divided by 1